{"id":141,"date":"2018-06-16T11:46:56","date_gmt":"2018-06-16T09:46:56","guid":{"rendered":"http:\/\/institutdeyoga.com\/?page_id=141"},"modified":"2025-08-16T10:14:59","modified_gmt":"2025-08-16T08:14:59","slug":"mouries","status":"publish","type":"page","link":"https:\/\/institutdeyoga.com\/index.php\/cours\/mouries\/","title":{"rendered":"Mouri\u00e8s"},"content":{"rendered":"<h2><span style=\"color: #0000ff;\">Salles multi-activit\u00e9s &#8211; Route des Alpilles &#8211; Mouri\u00e8s<\/span><\/h2>\n<p><a href=\"https:\/\/maps.app.goo.gl\/JBwySwogomZNYFVu6\">41 avenue des Alpilles &#8211; 13890 Mouri\u00e8s<\/a><\/p>\n<p>Les cours tous publics : MARDI 18H30 &#8211; 20H.<\/p>\n<p>Les cours pour les seniors : JEUDI 9H00 &#8211; 10H00.<\/p>\n<p><strong><span style=\"font-size: 14pt;\">Reprise des cours le mardi 16 septembre 2025 \u00e0 18 h 30 et le jeudi 18 \u00e0 9h.<\/span><\/strong><\/p>\n<h3>Tarifs : 1 carte \u00e0 90 \u20ac donnant droit \u00e0 10 s\u00e9ances (pour n&rsquo;importe lequel des deux cours)\u00a0<i><\/i><\/h3>\n<h5>Un cours d&rsquo;essai sans engagement \u00a0vous est propos\u00e9.<\/h5>\n<div><span style=\"font-family: sans-serif;\"><i>\u00a0<\/i><\/span><\/div>\n<div><span style=\"font-family: sans-serif;\"><b>Contact Siffr\u00e8ne : 06 03 01 14 68<\/b><\/span><\/div>\n","protected":false},"excerpt":{"rendered":"<p>Salles multi-activit\u00e9s &#8211; Route des Alpilles &#8211; Mouri\u00e8s 41 avenue des Alpilles &#8211; 13890 Mouri\u00e8s Les cours tous publics : MARDI 18H30 &#8211; 20H. Les cours pour les seniors : JEUDI 9H00 &#8211; 10H00. Reprise des cours le mardi 16 &hellip; <a href=\"https:\/\/institutdeyoga.com\/index.php\/cours\/mouries\/\">Continuer la lecture <span class=\"meta-nav\">&rarr;<\/span><\/a><\/p>\n","protected":false},"author":2,"featured_media":0,"parent":59,"menu_order":0,"comment_status":"closed","ping_status":"closed","template":"","meta":{"footnotes":""},"class_list":["post-141","page","type-page","status-publish","hentry"],"_links":{"self":[{"href":"https:\/\/institutdeyoga.com\/index.php\/wp-json\/wp\/v2\/pages\/141","targetHints":{"allow":["GET"]}}],"collection":[{"href":"https:\/\/institutdeyoga.com\/index.php\/wp-json\/wp\/v2\/pages"}],"about":[{"href":"https:\/\/institutdeyoga.com\/index.php\/wp-json\/wp\/v2\/types\/page"}],"author":[{"embeddable":true,"href":"https:\/\/institutdeyoga.com\/index.php\/wp-json\/wp\/v2\/users\/2"}],"replies":[{"embeddable":true,"href":"https:\/\/institutdeyoga.com\/index.php\/wp-json\/wp\/v2\/comments?post=141"}],"version-history":[{"count":20,"href":"https:\/\/institutdeyoga.com\/index.php\/wp-json\/wp\/v2\/pages\/141\/revisions"}],"predecessor-version":[{"id":2005,"href":"https:\/\/institutdeyoga.com\/index.php\/wp-json\/wp\/v2\/pages\/141\/revisions\/2005"}],"up":[{"embeddable":true,"href":"https:\/\/institutdeyoga.com\/index.php\/wp-json\/wp\/v2\/pages\/59"}],"wp:attachment":[{"href":"https:\/\/institutdeyoga.com\/index.php\/wp-json\/wp\/v2\/media?parent=141"}],"curies":[{"name":"wp","href":"https:\/\/api.w.org\/{rel}","templated":true}]}}