{"id":129,"date":"2018-06-16T11:37:44","date_gmt":"2018-06-16T09:37:44","guid":{"rendered":"http:\/\/institutdeyoga.com\/?page_id=129"},"modified":"2025-07-30T17:23:00","modified_gmt":"2025-07-30T15:23:00","slug":"marseille","status":"publish","type":"page","link":"http:\/\/institutdeyoga.com\/index.php\/cours\/marseille\/","title":{"rendered":"Marseille"},"content":{"rendered":"<div dir=\"ltr\">\n<div dir=\"ltr\">\n<p lang=\"zxx\"><strong style=\"color: #000000;\"><a href=\"http:\/\/www.bouddhismetibetmarseille.com\/\">Centre tib\u00e9tain de Marseille\u00a0<\/a><\/strong><\/p>\n<\/div>\n<\/div>\n<h2><a class=\"plan\" href=\"https:\/\/maps.app.goo.gl\/kekxNN8b2MkbLkcr8\" target=\"_blank\" rel=\"noopener noreferrer\">347 rue Paradis \u2013 Marseille 13008<\/a><\/h2>\n<p><span style=\"font-family: Times New Roman, serif;\"><span style=\"font-size: medium;\">Deux cours par semaine<\/span><\/span><span style=\"font-family: Times New Roman, serif;\"><span style=\"font-size: medium;\">\u00a0: <\/span><\/span><span style=\"font-family: Times New Roman, serif;\"><span style=\"font-size: medium;\">mardi \u00e0 18h ; <\/span><\/span><span style=\"font-family: Times New Roman, serif;\"><span style=\"font-size: medium;\">mercredi \u00e0 9h<\/span><\/span><span style=\"font-family: Times New Roman, serif;\"><span style=\"font-size: medium;\">. <\/span><\/span><\/p>\n<p><span style=\"font-size: 14pt;\"><strong><span style=\"font-family: Times New Roman, serif;\"><b>Reprise des cours mardi 9 septembre 2025 \u00e0 18 h et mercredi 10 \u00e0 9 h.<\/b><\/span><\/strong><\/span><\/p>\n<h3>Tarifs<\/h3>\n<ul>\n<li><strong>1 ou 2 cours par semaine : <\/strong><i>Mois :<\/i>\u00a0<i>58 \u20ac ; Trimestre : 135 \u20ac ; Ann\u00e9e : 350 \u20ac<\/i><\/li>\n<li><strong>Carte 10 cours :\u00a0<\/strong><em> valable 12 mois, 150 <i>\u20ac<\/i><\/em><\/li>\n<\/ul>\n<p>Des tarifs r\u00e9duits sont possibles pour les personnes en difficult\u00e9s financi\u00e8res.<\/p>\n<p><em><strong>Un cours d&rsquo;essai sans engagement vous est propos\u00e9.<\/strong><\/em><\/p>\n<p>Contact :<\/p>\n<p>06 95 78 04 07 (Carole)<\/p>\n","protected":false},"excerpt":{"rendered":"<p>Centre tib\u00e9tain de Marseille\u00a0 347 rue Paradis \u2013 Marseille 13008 Deux cours par semaine\u00a0: mardi \u00e0 18h ; mercredi \u00e0 9h. Reprise des cours mardi 9 septembre 2025 \u00e0 18 h et mercredi 10 \u00e0 9 h. Tarifs 1 ou &hellip; <a href=\"http:\/\/institutdeyoga.com\/index.php\/cours\/marseille\/\">Continuer la lecture <span class=\"meta-nav\">&rarr;<\/span><\/a><\/p>\n","protected":false},"author":2,"featured_media":0,"parent":59,"menu_order":0,"comment_status":"closed","ping_status":"closed","template":"","meta":{"footnotes":""},"class_list":["post-129","page","type-page","status-publish","hentry"],"_links":{"self":[{"href":"http:\/\/institutdeyoga.com\/index.php\/wp-json\/wp\/v2\/pages\/129","targetHints":{"allow":["GET"]}}],"collection":[{"href":"http:\/\/institutdeyoga.com\/index.php\/wp-json\/wp\/v2\/pages"}],"about":[{"href":"http:\/\/institutdeyoga.com\/index.php\/wp-json\/wp\/v2\/types\/page"}],"author":[{"embeddable":true,"href":"http:\/\/institutdeyoga.com\/index.php\/wp-json\/wp\/v2\/users\/2"}],"replies":[{"embeddable":true,"href":"http:\/\/institutdeyoga.com\/index.php\/wp-json\/wp\/v2\/comments?post=129"}],"version-history":[{"count":49,"href":"http:\/\/institutdeyoga.com\/index.php\/wp-json\/wp\/v2\/pages\/129\/revisions"}],"predecessor-version":[{"id":1999,"href":"http:\/\/institutdeyoga.com\/index.php\/wp-json\/wp\/v2\/pages\/129\/revisions\/1999"}],"up":[{"embeddable":true,"href":"http:\/\/institutdeyoga.com\/index.php\/wp-json\/wp\/v2\/pages\/59"}],"wp:attachment":[{"href":"http:\/\/institutdeyoga.com\/index.php\/wp-json\/wp\/v2\/media?parent=129"}],"curies":[{"name":"wp","href":"https:\/\/api.w.org\/{rel}","templated":true}]}}